[INFO] fetching crate tlsh-fixed 0.1.1...
[INFO] checking tlsh-fixed-0.1.1 against master#9610dfe5a9a731ced1ea4923ecbd0c57fe367898 for beta-170-4
[INFO] extracting crate tlsh-fixed 0.1.1 into /workspace/builds/worker-0-tc1/source
[INFO] validating manifest of crates.io crate tlsh-fixed 0.1.1 on toolchain 9610dfe5a9a731ced1ea4923ecbd0c57fe367898
[INFO] running `Command { std: CARGO_HOME="/workspace/cargo-home" RUSTUP_HOME="/workspace/rustup-home" "/workspace/cargo-home/bin/cargo" "+9610dfe5a9a731ced1ea4923ecbd0c57fe367898" "metadata" "--manifest-path" "Cargo.toml" "--no-deps", kill_on_drop: false }`
[INFO] started tweaking crates.io crate tlsh-fixed 0.1.1
[INFO] finished tweaking crates.io crate tlsh-fixed 0.1.1
[INFO] tweaked toml for crates.io crate tlsh-fixed 0.1.1 written to /workspace/builds/worker-0-tc1/source/Cargo.toml
[INFO] crate crates.io crate tlsh-fixed 0.1.1 already has a lockfile, it will not be regenerated
[INFO] running `Command { std: CARGO_HOME="/workspace/cargo-home" RUSTUP_HOME="/workspace/rustup-home" "/workspace/cargo-home/bin/cargo" "+9610dfe5a9a731ced1ea4923ecbd0c57fe367898" "fetch" "--manifest-path" "Cargo.toml", kill_on_drop: false }`
[INFO] running `Command { std: "docker" "create" "-v" "/var/lib/crater-agent-workspace/builds/worker-0-tc1/target:/opt/rustwide/target:rw,Z" "-v" "/var/lib/crater-agent-workspace/builds/worker-0-tc1/source:/opt/rustwide/workdir:ro,Z" "-v" "/var/lib/crater-agent-workspace/cargo-home:/opt/rustwide/cargo-home:ro,Z" "-v" "/var/lib/crater-agent-workspace/rustup-home:/opt/rustwide/rustup-home:ro,Z" "-e" "SOURCE_DIR=/opt/rustwide/workdir" "-e" "CARGO_TARGET_DIR=/opt/rustwide/target" "-e" "CARGO_HOME=/opt/rustwide/cargo-home" "-e" "RUSTUP_HOME=/opt/rustwide/rustup-home" "-w" "/opt/rustwide/workdir" "-m" "1610612736" "--user" "0:0" "--network" "none" "ghcr.io/rust-lang/crates-build-env/linux@sha256:19e73879b68f455e41552ea35293514db52ea292d993f571636dbffedb77a1ee" "/opt/rustwide/cargo-home/bin/cargo" "+9610dfe5a9a731ced1ea4923ecbd0c57fe367898" "metadata" "--no-deps" "--format-version=1", kill_on_drop: false }`
[INFO] [stdout] 142ce147aa7419ce70af1483335c68521a9f4a4e495127e6e2a68e2a80e97d49
[INFO] running `Command { std: "docker" "start" "-a" "142ce147aa7419ce70af1483335c68521a9f4a4e495127e6e2a68e2a80e97d49", kill_on_drop: false }`
[INFO] running `Command { std: "docker" "inspect" "142ce147aa7419ce70af1483335c68521a9f4a4e495127e6e2a68e2a80e97d49", kill_on_drop: false }`
[INFO] running `Command { std: "docker" "rm" "-f" "142ce147aa7419ce70af1483335c68521a9f4a4e495127e6e2a68e2a80e97d49", kill_on_drop: false }`
[INFO] [stdout] 142ce147aa7419ce70af1483335c68521a9f4a4e495127e6e2a68e2a80e97d49
[INFO] running `Command { std: "docker" "create" "-v" "/var/lib/crater-agent-workspace/builds/worker-0-tc1/target:/opt/rustwide/target:rw,Z" "-v" "/var/lib/crater-agent-workspace/builds/worker-0-tc1/source:/opt/rustwide/workdir:ro,Z" "-v" "/var/lib/crater-agent-workspace/cargo-home:/opt/rustwide/cargo-home:ro,Z" "-v" "/var/lib/crater-agent-workspace/rustup-home:/opt/rustwide/rustup-home:ro,Z" "-e" "SOURCE_DIR=/opt/rustwide/workdir" "-e" "CARGO_TARGET_DIR=/opt/rustwide/target" "-e" "CARGO_INCREMENTAL=0" "-e" "RUST_BACKTRACE=full" "-e" "RUSTFLAGS=--cap-lints=forbid" "-e" "RUSTDOCFLAGS=--cap-lints=forbid" "-e" "CARGO_HOME=/opt/rustwide/cargo-home" "-e" "RUSTUP_HOME=/opt/rustwide/rustup-home" "-w" "/opt/rustwide/workdir" "-m" "1610612736" "--user" "0:0" "--network" "none" "ghcr.io/rust-lang/crates-build-env/linux@sha256:19e73879b68f455e41552ea35293514db52ea292d993f571636dbffedb77a1ee" "/opt/rustwide/cargo-home/bin/cargo" "+9610dfe5a9a731ced1ea4923ecbd0c57fe367898" "check" "--frozen" "--all" "--all-targets" "--message-format=json", kill_on_drop: false }`
[INFO] [stdout] 700500aad99691c52404f4ec19609306d39807f29e0502f13f3f3b3a78bf8782
[INFO] running `Command { std: "docker" "start" "-a" "700500aad99691c52404f4ec19609306d39807f29e0502f13f3f3b3a78bf8782", kill_on_drop: false }`
[INFO] [stderr]     Checking tlsh-fixed v0.1.1 (/opt/rustwide/workdir)
[INFO] [stdout] error[E0432]: unresolved import `tlsh`
[INFO] [stdout]  --> examples/tlsh_files.rs:9:5
[INFO] [stdout]   |
[INFO] [stdout] 9 | use tlsh::TlshBuilder;
[INFO] [stdout]   |     ^^^^ use of undeclared crate or module `tlsh`
[INFO] [stdout] 
[INFO] [stdout] 
[INFO] [stdout] error[E0433]: failed to resolve: use of undeclared crate or module `tlsh`
[INFO] [stdout]   --> examples/tlsh_files.rs:31:17
[INFO] [stdout]    |
[INFO] [stdout] 31 |                 tlsh::BucketKind::Bucket128,
[INFO] [stdout]    |                 ^^^^ use of undeclared crate or module `tlsh`
[INFO] [stdout]    |
[INFO] [stdout] help: consider importing this enum
[INFO] [stdout]    |
[INFO] [stdout] 1  + use tlsh_fixed::BucketKind;
[INFO] [stdout]    |
[INFO] [stdout] help: if you import `BucketKind`, refer to it directly
[INFO] [stdout]    |
[INFO] [stdout] 31 -                 tlsh::BucketKind::Bucket128,
[INFO] [stdout] 31 +                 BucketKind::Bucket128,
[INFO] [stdout]    |
[INFO] [stdout] 
[INFO] [stdout] 
[INFO] [stdout] error[E0433]: failed to resolve: use of undeclared crate or module `tlsh`
[INFO] [stdout]   --> examples/tlsh_files.rs:32:17
[INFO] [stdout]    |
[INFO] [stdout] 32 |                 tlsh::ChecksumKind::ThreeByte,
[INFO] [stdout]    |                 ^^^^ use of undeclared crate or module `tlsh`
[INFO] [stdout]    |
[INFO] [stdout] help: consider importing this enum
[INFO] [stdout]    |
[INFO] [stdout] 1  + use tlsh_fixed::ChecksumKind;
[INFO] [stdout]    |
[INFO] [stdout] help: if you import `ChecksumKind`, refer to it directly
[INFO] [stdout]    |
[INFO] [stdout] 32 -                 tlsh::ChecksumKind::ThreeByte,
[INFO] [stdout] 32 +                 ChecksumKind::ThreeByte,
[INFO] [stdout]    |
[INFO] [stdout] 
[INFO] [stdout] 
[INFO] [stdout] error[E0433]: failed to resolve: use of undeclared crate or module `tlsh`
[INFO] [stdout]   --> examples/tlsh_files.rs:33:17
[INFO] [stdout]    |
[INFO] [stdout] 33 |                 tlsh::Version::Version4,
[INFO] [stdout]    |                 ^^^^ use of undeclared crate or module `tlsh`
[INFO] [stdout]    |
[INFO] [stdout] help: consider importing this enum
[INFO] [stdout]    |
[INFO] [stdout] 1  + use tlsh_fixed::Version;
[INFO] [stdout]    |
[INFO] [stdout] help: if you import `Version`, refer to it directly
[INFO] [stdout]    |
[INFO] [stdout] 33 -                 tlsh::Version::Version4,
[INFO] [stdout] 33 +                 Version::Version4,
[INFO] [stdout]    |
[INFO] [stdout] 
[INFO] [stdout] 
[INFO] [stdout] error: aborting due to 4 previous errors
[INFO] [stdout] 
[INFO] [stdout] 
[INFO] [stdout] Some errors have detailed explanations: E0432, E0433.
[INFO] [stdout] 
[INFO] [stdout] For more information about an error, try `rustc --explain E0432`.
[INFO] [stdout] 
[INFO] [stderr] error: could not compile `tlsh-fixed` (example "tlsh_files") due to 5 previous errors
[INFO] running `Command { std: "docker" "inspect" "700500aad99691c52404f4ec19609306d39807f29e0502f13f3f3b3a78bf8782", kill_on_drop: false }`
[INFO] running `Command { std: "docker" "rm" "-f" "700500aad99691c52404f4ec19609306d39807f29e0502f13f3f3b3a78bf8782", kill_on_drop: false }`
[INFO] [stdout] 700500aad99691c52404f4ec19609306d39807f29e0502f13f3f3b3a78bf8782
